{"id":56,"date":"2016-02-25T12:50:34","date_gmt":"2016-02-25T12:50:34","guid":{"rendered":"http:\/\/agelinde.de\/?page_id=56"},"modified":"2016-03-30T14:55:58","modified_gmt":"2016-03-30T14:55:58","slug":"vita","status":"publish","type":"page","link":"http:\/\/agelinde.de\/?page_id=56","title":{"rendered":"Vita"},"content":{"rendered":"<p>Agelinde Scholl &#8211; Vita &nbsp; Geboren 1943 in M\u00fcnchen Studium an der Akademie der Bildenden K\u00fcnste in M\u00fcnchen Kunsterzieherin von 1967 bis 2007 K\u00fcnstlerischer Schwerpunkt: Zeichnung und Fotografie Lebt in Wiesm\u00fchl bei Tittmoning Seit 1996 Mitglied der K\u00fcnstlergrup <a href=\"http:\/\/agelinde.de\/?page_id=56\" title=\"Read more on %s\" class=\"more-link\">mehr lesen<\/a><\/p>\n","protected":false},"excerpt":{"rendered":"<p>Agelinde Scholl &#8211; Vita &nbsp; Geboren 1943 in M\u00fcnchen Studium an der Akademie der Bildenden K\u00fcnste in M\u00fcnchen Kunsterzieherin von 1967 bis 2007 K\u00fcnstlerischer Schwerpunkt: Zeichnung und Fotografie Lebt in Wiesm\u00fchl bei Tittmoning Seit 1996 Mitglied der K\u00fcnstlergrup mehr lesen<\/p>\n","protected":false},"author":1,"featured_media":0,"parent":0,"menu_order":0,"comment_status":"closed","ping_status":"closed","template":"page-templates\/full-width.php","meta":[],"_links":{"self":[{"href":"http:\/\/agelinde.de\/index.php?rest_route=\/wp\/v2\/pages\/56"}],"collection":[{"href":"http:\/\/agelinde.de\/index.php?rest_route=\/wp\/v2\/pages"}],"about":[{"href":"http:\/\/agelinde.de\/index.php?rest_route=\/wp\/v2\/types\/page"}],"author":[{"embeddable":true,"href":"http:\/\/agelinde.de\/index.php?rest_route=\/wp\/v2\/users\/1"}],"replies":[{"embeddable":true,"href":"http:\/\/agelinde.de\/index.php?rest_route=%2Fwp%2Fv2%2Fcomments&post=56"}],"version-history":[{"count":9,"href":"http:\/\/agelinde.de\/index.php?rest_route=\/wp\/v2\/pages\/56\/revisions"}],"predecessor-version":[{"id":352,"href":"http:\/\/agelinde.de\/index.php?rest_route=\/wp\/v2\/pages\/56\/revisions\/352"}],"wp:attachment":[{"href":"http:\/\/agelinde.de\/index.php?rest_route=%2Fwp%2Fv2%2Fmedia&parent=56"}],"curies":[{"name":"wp","href":"https:\/\/api.w.org\/{rel}","templated":true}]}}